t are the prime factors of y(5)?
181
Let j(x) = -5*x + 6. Let o(s) = 11*s - 11. Suppose 2*g = -2, 3*z + 3*g + 12 = -0. Let u(l) = z*o(l) - 7*j(l). What are the prime factors of u(8)?
7
Let y(n) = 3*n**3 + 44*n**2 + n + 16. Let b(s) = -s**3 - 15*s**2 - 5. Let p(a) = 11*b(a) + 4*y(a). What are the prime factors of p(-8)?
13
Suppose w + 0*w = -10*w. Let a = w + 89. What are the prime factors of a?
89
Suppose -2334 + 93 = -3*d + 2*u, 3 = -u. What are the prime factors of d?
5, 149
Let s be (290/(-30) - -9)*(-30)/4. Let y = -2 + 50. Suppose 5*o - y = g - 2*g, s*o = 25. What are the prime factors of g?
23
Let z(a) = -28 + 3*a**2 - 3*a + 35 + 2*a. Let d(c) = -c - 13. Let y be d(-9). What are the prime factors of z(y)?
59
Let n(l) = -7*l - 3. Let w be n(-2). Let t(k) = k**2 - 10*k - 14. Let f be t(w). What are the prime factors of (f - -2)*8*-1?
2
Let k = -13 + 13. Suppose 9*v = 81 - k. List the prime factors of v.
3
Let a(j) = 9*j**2 - 5*j - j**3 - 13*j**2 + 0*j**3. List the prime factors of a(-3).
2, 3
List the prime factors of ((-6909)/4)/(-7)*8/6.
7, 47
Let d(i) = -11*i + 14*i**2 - 2 + 14 - 5 - 5*i**3 + 3*i**3. What are the prime factors of d(5)?
2, 13
Suppose 2*u - 5*k = 7*u - 205, 5*k + 107 = 3*u. Let h = 47 - u. What are the prime factors of h?
2
Let l = 32 + -24. Let i = l + 15. Let b = 7 + i. What are the prime factors of b?
2, 3, 5
Suppose 12*z - 7689 + 129 = 0. What are the prime factors of z?
2, 3, 5, 7
Let y(c) = 3. Let b(r) = r. Suppose -22 = 5*f - t, -2*f - 31 = 3*f + 2*t. Let q(l) = f*b(l) - y(l). What are the prime factors of q(-6)?
3
Suppose 0 = -3*h, n - 5447 = 25*h - 23*h. List the prime factors of n.
13, 419
Suppose 4*r - 7 = 17. Suppose 0 = -s + r - 1. Suppose -4*c + 120 = s*d, -2*c = -4*d - 0*d + 70. List the prime factors of d.
2, 5
Suppose 0*q + 49 = -5*q - 2*l, 4*q - l = -34. Let j(k) be the first derivative of -2*k**2 - 3*k - 1. List the prime factors of j(q).
3, 11
Let a(q) = 92*q + 891. List the prime factors of a(59).
71, 89
What are the prime factors of (6/((-24)/116) + -6)*-20?
2, 5, 7
Suppose 535 = 5*j - 4430. List the prime factors of j.
3, 331
Suppose 3*b - 2*b = -4*v + 114, 3*b - 407 = v. Let d = 208 - b. Suppose 3*z = z + d. What are the prime factors of z?
37
Suppose -5*m + 2 = -13. Let j = 5 - m. Suppose 8*n = 4*n - 5*k + 116, -j*n = 3*k - 58. What are the prime factors of n?
29
Suppose -776 = -3*m + m. List the prime factors of m.
2, 97
Let a = -10 + 14. Suppose l + a = 9. Suppose 3*f + 12 = l*f. List the prime factors of f.
2, 3
Let b(y) = -y - 19. Let i be b(-9). Let f(j) be the second derivative of -j**3/6 + 7*j**2 + j. List the prime factors of f(i).
2, 3
Let n = -1 - -3. Let j(b) = 6*b - b + 2*b - 4*b - 3. What are the prime factors of j(n)?
3
Let g(f) = -88*f + 3. Let d be g(-4). Let b = d + -231. What are the prime factors of b?
2, 31
Let r = 56 - 74. Let p(y) = 7*y**2 - y - 2. Let o be p(2). Let s = o + r. List the prime factors of s.
2, 3
Let j = 3 - 8. Suppose -2*z + 72 = -18. Let p = z + j. What are the prime factors of p?
2, 5
Let y = 6080 - 3831. List the prime factors of y.
13, 173
What are the prime factors of ((-42)/(-30) - 1)*5*2450?
2, 5, 7
Let v = -14 - -18. Let t be (-4 + 30/v)*36. Let j = t - 59. What are the prime factors of j?
67
Suppose -5*g - 22 = 3*b + 11, -5*g = -5*b - 15. Let m(l) = -2*l**3 + 9*l**2 + l + 11. Let o be m(5). Let q = b - o. What are the prime factors of q?
3
Suppose -15*a = 52 + 8. What are the prime factors of (-3)/(a + 1)*(21 + -1)?
2, 5
Let u = -82 + 86. Suppose -4*o + u = 0, -5*o = 3*i + 227 - 958. What are the prime factors of i?
2, 11
Let m(p) = -2*p + 1. Let z(f) = -6*f + 2. Let l(k) = -10*m(k) + 3*z(k). Suppose 37*h - 34*h = 12. List the prime factors of l(h).
2
Let k be (-8)/(-6)*(-36)/(-16). Let p be 168/36 - 2/k. Let a = 42 - p. List the prime factors of a.
2, 19
Let g(w) = -w**3 + 8*w**2 - 13*w + 3. Let x be g(5). Let l = x + -8. Suppose 28 + 242 = l*z. What are the prime factors of z?
2, 3
Let x = 34 + -30. Suppose -5*r - 82 = -x*n, -r = -5*r - 4*n - 44. List the prime factors of 2/(0 + (-4)/r).
7
Let w(x) = 91*x + 69. What are the prime factors of w(8)?
797
Suppose -5*o + 4*l + 4 = -0, 0 = 4*o + l - 20. Suppose -o*t + 10 = -102. List the prime factors of t.
2, 7
Suppose -1 + 9 = 4*j. Suppose -5 = -k + 4*k - a, -k + 2*a = 0. What are the prime factors of (-3*j)/(-1) + k?
2
Let r(t) = -3*t**2 - 2*t + 1. Let m(w) = 5*w**2 + 5*w - 2. Let z(h) = -2*m(h) - 5*r(h). What are the prime factors of z(2)?
19
Let y be 7 + ((-3)/1 - 1). Suppose 12 - 3 = y*g. Suppose c - 55 = -g. What are the prime factors of c?
2, 13
Let n = 6 - -6. Let h be (n/(-10))/((-6)/15). Suppose 0 = 2*v + h*v - 95. List the prime factors of v.
19
Suppose 19*l - 12 = 22*l. Suppose 0*r + 4*y + 24 = -4*r, 2*r = -3*y - 16. List the prime factors of (10/l)/(1/r).
5
List the prime factors of ((-9)/3 - -2)*-733.
733
Let s = -321 + 355. List the prime factors of s.
2, 17
What are the prime factors of (-752)/(-6)*12/8?
2, 47
What are the prime factors of 2/(-15) - 2872/(-30)*7?
2, 5, 67
Let q be ((-26)/(-5))/((-8)/(-20)). Let i = q + -10. Suppose i*z - 1 = 50. What are the prime factors of z?
17
Let j = 885 - -159. What are the prime factors of j?
2, 3, 29
List the prime factors of (21/14)/((-1)/2) + 221.
2, 109
Let k(m) = 8*m**2 + 2*m - 2. Let a be k(6). Suppose u = 3*l - 0*l - a, 8 = 4*u. What are the prime factors of l?
2, 5
Let k(n) = n**2 - 13*n + 17. Let d be k(13). Suppose 57 = 8*x + d. What are the prime factors of x?
5
Let z(b) = -b + 5. Let l be z(0). Suppose -l*h = -8*h - 99. Let a = -2 - h. What are the prime factors of a?
31
List the prime factors of 34924/19 - 226/2147.
2, 919
Suppose 12 = 2*q - 4*p, -4*p + 3 = -q - 1. Suppose 7*y - 4*y + x - 409 = 0, -4*x = -q. List the prime factors of y.
3, 5
Suppose -r - 2*r = 4*f - 68, 3*f = -r + 16. Let a = -22 + r. List the prime factors of a.
2, 3
Let s(v) = v**2 - 7*v + 4. Let z be s(5). Let x be (-407)/(-22) + 3/(-2). Let q = x + z. List the prime factors of q.
11
Suppose 14*n - 22 = 48. Suppose t - n*x - 83 = 0, 0 = t + 2*t - 3*x - 237. What are the prime factors of t?
2, 3, 13
What are the prime factors of 786/6 - -2 - (-2)/2?
2, 67
Let w(l) = -49*l + 1. List the prime factors of w(-12).
19, 31
Let n(r) = 48*r**2 - 4*r + 5. What are the prime factors of n(-3)?
449
Suppose 2*g = 3*w - 2795, -6*w - 3700 = -10*w - 4*g. List the prime factors of w.
929
Let h = -445 + 484. What are the prime factors of h?
3, 13
Let s(c) = 8*c**2 + 15*c. Let n be s(-6). Let b = -101 + n. What are the prime factors of b?
97
Let g(t) be the second derivative of 29/12*t**4 + 0*t**2 + 1/6*t**3 + 0 + 5*t. What are the prime factors of g(-1)?
2, 7
Let u(z) = 36*z**2 - 36*z + 203. What are the prime factors of u(7)?
5, 7
Suppose 0 = -2*z + 2 + 10. Let k(u) = 4*u - 14. List the prime factors of k(z).
2, 5
Let h be 78/(-36) + 3/18 + 5. Suppose -h*s + 2*v = s - 82, -2*s + 39 = v. What are the prime factors of s?
2, 5
Let u(o) = 13*o**3 - 29*o**2 + 31*o + 19. Let c(g) = -7*g**3 + 15*g**2 - 16*g - 10. Let i(a) = -11*c(a) - 6*u(a). What are the prime factors of i(7)?
2, 3
Let q = -61 + 108. Let s = 118 + q. List the prime factors of s.
3, 5, 11
Let q = 3269 + -420. List the prime factors of q.
7, 11, 37
Suppose 2*r - 268 = -2*z, -3*r = 2*r + 3*z - 660. List the prime factors of r.
3, 43
Let k(y) = -8*y**3 + 39*y + 238. What are the prime factors of k(-6)?
2, 433
List the prime factors of 4*(-2 - -51) - 196/(-49).
2, 5
Suppose 0 = -3*f + 7*f + 3*j - 396, 0 = 5*j. Let h = -48 + f. List the prime factors of h.
3, 17
Let h be -1*1*(7 + -12). Suppose -4*l - 142 = h*d, 3*l - 22 + 106 = -3*d. List the prime factors of 4/4*-1*d.
2, 3, 5
Let s be 2/(3*6/27). Let r(k) = k - 33*k**2 - 2 + 32*k**2 + s - 20*k**3. List the prime factors of r(-1).
19
Suppose 3*p = -3*a + 813 + 531, -3*a = -p - 1336. List the prime factors of a.
2, 223
Let f be (15/(-10))/((-4)/24). Let n = f + 18. List the prime factors of n.
3
Let a(v) = -v**2 - 14*v + 6. Let c be a(-7). Let j be (-17)/(-68) - (-2)/((-8)/(-331)). Let l = j - c. List the prime factors of l.
2, 7
Suppose -2*u + 3*u + 7 = 0. Suppose -2*j - 58 = 60. Let s = u - j. List the prime factors of s.
2, 13
Let b(w) be the third derivative of -w**6/120